 - -9)?
2, 5
Suppose 3*f = 26 + 19. Let n = f - 4. What are the prime factors of n?
11
Suppose 0 = 3*m + 3*k + 15, -2*m = 3*m - 3*k - 15. Suppose m = -5*x + 23 + 47. What are the prime factors of (4/x)/((-1)/(-7))?
2
Let j(z) = 6*z - 14. Let d(w) be the first derivative of 3*w**2/2 - 7*w + 1. Let g(y) = 9*d(y) - 4*j(y). List the prime factors of g(5).
2
Let j(v) = v**3 + 7*v**2 - 3*v - 3. Let w be 2/3 + (-46)/6. What are the prime factors of j(w)?
2, 3
Let q = 488 + -263. What are the prime factors of q?
3, 5
Let q(z) = z**3 - z - 2. Let x be q(2). Suppose -7*v = -x*v - 27. What are the prime factors of v?
3
Suppose -4*t - t - 4*g = 58, 0 = -3*t - 4*g - 30. What are the prime factors of (-8)/(-6)*(-273)/t?
2, 13
What are the prime factors of 170/2 - 32/8?
3
List the prime factors of ((-15)/(-10))/(3/6).
3
Let t(g) = 22*g**2 - g. Let c be t(2). Let s = -61 + c. List the prime factors of s.
5
Let f be (12/(-18))/((-2)/(-42)). Suppose 76 = 3*n + 5*y - 4, -28 = -n - 3*y. Let p = n + f. List the prime factors of p.
11
Let v(d) be the first derivative of -d**3/3 + 5*d**2/2 - 2*d - 6. List the prime factors of v(2).
2
Suppose -4*p + 119 = 3*c, 0 = -4*p + 2*c + 2*c + 84. Let b(d) = -d**3 + 4*d. Let i be b(3). Let r = p + i. List the prime factors of r.
11
Let t(y) = 5*y + 0 - 1 - 1. What are the prime factors of t(3)?
13
Suppose 0 = 2*x - 5 - 3. Suppose -5*j - 5*c = 95, -2*j + c + x*c - 17 = 0. Let v = 22 + j. What are the prime factors of v?
2, 3
Let a be 4/(-6) + (-11)/(-3). Suppose c + 2*y = -4 - 2, -4*c - y - 3 = 0. Suppose c = -z + a*z - 20. What are the prime factors of z?
2, 5
List the prime factors of 10/(-25) + 574/10.
3, 19
What are the prime factors of 31/(-3)*(9 - 12)?
31
Let d(y) = -y**2 + 9*y + 6. What are the prime factors of d(6)?
2, 3
Let p = 26 + -19. What are the prime factors of p?
7
Suppose 0 = 5*s - 5, -y - s = 2*s + 4. Let g(m) = -m**3 - 5*m**2 + 6*m - 10. List the prime factors of g(y).
2, 23
Suppose 0 = -g - g - 26. What are the prime factors of (g/5)/((-1)/5)?
13
Suppose 0 = 2*i + 4*i - 24. List the prime factors of i.
2
Suppose -t - 76 = -5*t. Suppose -p - 3*z + t = 0, 0 = 5*p - 2*p + 2*z - 43. List the prime factors of p.
13
Suppose 2*l = -3*l + 10. Suppose 10 = -0*x + l*x. List the prime factors of x.
5
Let k(l) = -l**3 + 10*l**2 + l - 1. List the prime factors of k(7).
3, 17
Let d = -102 + 128. List the prime factors of d.
2, 13
Let w(s) = s**3 - 11*s**2 - 3. Let b be w(11). Let n(j) be the third derivative of -j**4/12 - 2*j**3/3 + j**2. List the prime factors of n(b).
2
Let o = 13 + 103. List the prime factors of o.
2, 29
Suppose 0 = 2*j - 41 - 31. List the prime factors of j.
2, 3
Let u be ((-40)/15)/(4/18). Let r = 9 - u. List the prime factors of r.
3, 7
Suppose -2365 + 653 = 4*k - 4*m, -5*k - 3*m - 2124 = 0. List the prime factors of k/(-36) - (-2)/12.
2, 3
Let r be -1*(-13)/1 - 3. Let p = r + -2. List the prime factors of p.
2
Let d(a) = a + a**3 + 2 - 3*a**2 - 2*a**3 + 2*a**3. Let o be d(3). Suppose -5*s = -o*r - 55, 8 = 2*r + 2*r. List the prime factors of s.
13
Let i be 3 - (-2)/(-2) - -3. Suppose q = i*q. Let b = 4 - q. What are the prime factors of b?
2
Let d be (-42)/(-3) - (4 - 6). Suppose -6*t + 4*t = -d. List the prime factors of t.
2
Suppose 0 = -3*a + 178 + 26. What are the prime factors of a?
2, 17
Let r be (2 - 74)/(-1)*1. Suppose -b = 2*b - r. What are the prime factors of (b - 5)*(-1 - -2)?
19
Let q = 4 - 7. Let z = q - -3. Suppose 0 = w - z - 2. List the prime factors of w.
2
Suppose -q + 4*x - 11 = -2*q, -41 = 4*q - x. List the prime factors of (-88)/q + 4/18.
2, 5
Let s(m) = 4. Let o(h) = -h - 3. Let t = 7 + -3. Let u(b) = t*s(b) + 6*o(b). List the prime factors of u(-2).
2, 5
Suppose 0*p - 12 = 2*p. List the prime factors of (-4)/p*(-21)/(-2).
7
Suppose x - 1 = 35. Suppose 0 = 3*g + 18 + x. Let q = g + 26. List the prime factors of q.
2
Let b(x) = 1 - 3 + 1 + 2*x. Let g = -139 - -147. List the prime factors of b(g).
3, 5
Suppose -2*r + 5*u = -75, 4*r - 93 - 30 = u. What are the prime factors of (3/1)/(9/r)?
2, 5
Suppose r - 114 = -l - 30, 3*r = 6. List the prime factors of l.
2, 41
Let d be (-2)/(-3)*207/6. Let x = 36 - d. What are the prime factors of x?
13
Let q be ((-28)/(-8))/(2/4). Suppose q = -5*g + 32. Suppose -g*t - 20 = -75. What are the prime factors of t?
11
What are the prime factors of (-2)/(-7) + (-544)/(-7) + 1?
79
Let u be ((-6)/12)/((-2)/28). Let y(a) = 9*a**2 + a. Let m be y(1). Let h = m - u. What are the prime factors of h?
3
Suppose -3*l - 8 = -35. Let a = 13 - l. What are the prime factors of a?
2
Let q(s) be the second derivative of -s**4/12 + 3*s**3/2 - 5*s**2/2 - 9*s. List the prime factors of q(7).
3
Suppose 2*v = r + 4*v + 5, 0 = -5*v - 25. Suppose -a = -4*q + 77, r*a - 57 = -5*q + 33. What are the prime factors of q?
19
Suppose o - 25 = -3*o - x, 0 = 4*o + 3*x - 35. Let r(v) be the second derivative of -v**4/12 + 7*v**3/6 - 6*v. List the prime factors of r(o).
2, 5
Let h(f) = f**3 - f**2 + f + 3. Let u be h(0). Let o(a) = -a**2 + 6*a + 7. Let t be o(6). Let x = t - u. List the prime factors of x.
2
Let o be (-2)/(-4)*(-30 - 8). Let f be (-61)/9 - 2/9. Let u = f - o. List the prime factors of u.
2, 3
Let n = -6 - -8. Suppose 4*w = 5*z - 44, 4*z - n*w - 44 + 4 = 0. What are the prime factors of z?
2, 3
Suppose 3*t + 5*f = -15, -f + 1 = 2*t + 4. Suppose -36 = -5*o + g, t = 4*o - g + 3*g - 26. What are the prime factors of o?
7
Let r be (0 + (-2)/2)/(-1). Let b be (r + 6/(-4))*-78. What are the prime factors of b/6 + (-3)/(-6)?
7
Suppose -3*w + 0*w = -93. What are the prime factors of w?
31
Let o = -22 + 31. List the prime factors of (o/6)/((-2)/(-16)).
2, 3
Let w = 10 - -95. Suppose -4*j + w = j. Suppose 0 = 2*c - p - 8, -p + 3*p = 5*c - j. What are the prime factors of c?
5
Let k(x) = x + 2. Let h be k(-1). List the prime factors of -1 + -34*h/(-2).
2
Let p be (-4)/8 + 41/2. Let x be p/(-2) - (1 + 0). What are the prime factors of 2/x + (-96)/(-44)?
2
Suppose -q = 4*d - d - 39, 5*d - q - 65 = 0. Let p be -1 + -1*(-12)/(-2). Let c = d + p. List the prime factors of c.
2, 3
Let f = 99 - -180. List the prime factors of f.
3, 31
Let a be (-2)/4 - (-18)/4. Suppose 3*x + a*v = -19, 4*x - 2*v + 2 = 6. What are the prime factors of x + 7 + 0 + 2?
2
Let j(p) = -121*p**2 - 22*p + 22. Let v(u) = -27*u**2 - 5*u + 5. Let i(n) = 5*j(n) - 22*v(n). Let o be i(1). Let h = -4 - o. List the prime factors of h.
7
Let w(r) be the third derivative of -r**6/60 - r**5/60 + r**4/8 + r**3/6 + 9*r**2. What are the prime factors of w(-3)?
37
Let h(x) = x**3 + 3*x**2 + 4*x - 4. List the prime factors of h(3).
2, 31
Let u be 396/14 - (-16)/(-56). List the prime factors of (15/4)/(7/u).
3, 5
Let z = -11 - -17. Suppose z*q - q - 90 = 0. List the prime factors of q.
2, 3
Let u = 16 - 6. Let w = u + -4. List the prime factors of w.
2, 3
Let i(g) = g**3 - 8*g**2 - 12. What are the prime factors of i(9)?
3, 23
Let h = 75 - 36. What are the prime factors of h?
3, 13
Let m = 9 - 7. What are the prime factors of m*10 - 5/5?
19
Let h = -5 + 8. Let l(r) = r**3 - 4*r**2 + 5*r - 4. Let o be l(h). Suppose 7*x = o*x + 75. What are the prime factors of x?
3, 5
Let f(h) be the second derivative of -7*h**5/60 + h**4/24 - h**3/3 + 3*h. Let c(x) be the second derivative of f(x). What are the prime factors of c(-1)?
3, 5
Let x(p) = -p - 8. Let s(i) = i + 9. Let d(w) = -5*s(w) - 6*x(w). Let a be d(-6). Let h = 9 - a. What are the prime factors of h?
2, 3
Let c(m) = -m**3 - m**2 + 5*m + 3. Let h(r) = -r**3 - 4*r**2 - 2*r. Let s be h(-3). List the prime factors of c(s).
2, 3
Let s(l) = l**3 + 7*l**2 + 7*l + 4. List the prime factors of s(-4).
2, 3
Suppose -2*m = -5 - 3. Suppose w + 15 = m*w. Suppose w*v - 30 = 5*k, -5*v - k + 3 = -3*v. What are the prime factors of v?
3
Suppose j + 4 = 3*h, 0 = -5*h - 0*j - 2*j - 8. Suppose h = -u - 3*d + 158, 5*u + 2*d = -0*d + 764. What are the prime factors of 4/(-6) - u/(-12)?
2, 3
Let p(d) = -d**2 + 4*d + 4. Let q be 17/4 - 8/32. List the prime factors of p(q).
2
Suppose -3*g = -j - 19, 0 = 2*g - 0*g - 4*j - 6. Let f(t) = -t**3 + 7*t**2 + 4*t + 16. List the prime factors of f(g).
2, 11
Let i(n) = -55*n + 12. List the prime factors of i(-6).
2, 3, 19
Let u(c) = c**2 - 16*c + 3. Let 